- 21?
-112211210200
In base 6, what is -42522250 + 0?
-42522250
In base 9, what is -6077 - 24?
-6112
In base 12, what is 131 - -48?
179
In base 12, what is 3 + 4639?
4640
In base 16, what is -17f3 + -2?
-17f5
In base 6, what is 120020 - -11?
120031
In base 9, what is -16 - 5748?
-5765
In base 16, what is -90 + ee?
5e
In base 6, what is 21030331 - 1?
21030330
In base 2, what is -10101111000 + 10000?
-10101101000
In base 15, what is 18 + -3c091?
-3c078
In base 16, what is 0 - e2d6?
-e2d6
In base 14, what is -71 + -1a4?
-235
In base 11, what is -59 + -2428?
-2486
In base 8, what is 44 - 300702?
-300636
In base 13, what is -5 - 2036?
-203b
In base 2, what is 11101001111010010111 - 101?
11101001111010010010
In base 12, what is -1 + 875a?
8759
In base 10, what is -223789 + -2?
-223791
In base 5, what is -1021201 + 1?
-1021200
In base 2, what is 101000100001 + 1111?
101000110000
In base 6, what is 32 - 4315?
-4243
In base 16, what is -172 - 2ba?
-42c
In base 4, what is 1123 - -13003323?
13011112
In base 15, what is -30165 + -5?
-3016a
In base 9, what is 2607 - -120?
2727
In base 3, what is 202 - -1102022102?
1102100011
In base 12, what is 4b + -2b54?
-2b05
In base 10, what is -7712 + 13?
-7699
In base 15, what is 1aa1 - 4?
1a9c
In base 4, what is 0 + 1333211112?
1333211112
In base 13, what is 1bcbc5 + -5?
1bcbc0
In base 11, what is 6aa - 1474?
-875
In base 5, what is 101410 - -4340?
111300
In base 4, what is 23 - 1001020?
-1000331
In base 13, what is -a9 + -75?
-151
In base 9, what is -221 + -4541?
-4762
In base 10, what is -3 + -23356?
-23359
In base 16, what is -448f + 149?
-4346
In base 3, what is -11001020012 + -21?
-11001020110
In base 8, what is -1321 - 1324?
-2645
In base 13, what is c08 + 178?
1083
In base 4, what is 1010011 + 302?
1010313
In base 15, what is -34 - 7b4?
-7e8
In base 5, what is 440311 + -23?
440233
In base 9, what is -1 + -263886?
-263887
In base 7, what is 1525 + -150?
1345
In base 6, what is 114 - 24034?
-23520
In base 10, what is 14 + -2849?
-2835
In base 13, what is -12c3a - 4?
-12c41
In base 14, what is -810 + -85?
-895
In base 13, what is -cb8a0 + -6?
-cb8a6
In base 8, what is 74 - 615?
-521
In base 16, what is ab2a6 + 5?
ab2ab
In base 12, what is 11 - -16556?
16567
In base 6, what is -41 - 33003?
-33044
In base 14, what is -1bb - -98?
-123
In base 10, what is -785 + -616?
-1401
In base 14, what is 1bd + -a?
1b3
In base 2, what is 100 - -1000000011001100?
1000000011010000
In base 2, what is 10011 + -1111000001?
-1110101110
In base 11, what is 1552a8 + 3?
155300
In base 13, what is 6c + -6?
66
In base 4, what is 1111103233 + 3?
1111103302
In base 4, what is 11 - 13332010?
-13331333
In base 14, what is 19 + -1b?
-2
In base 10, what is -185052 - 0?
-185052
In base 4, what is 3 + 1300212222?
1300212231
In base 8, what is 17410 + -74?
17314
In base 6, what is -404 + -421?
-1225
In base 2, what is 111 - -11010101100110?
11010101101101
In base 7, what is -2100 + -155?
-2255
In base 4, what is 10 + 1310233?
1310303
In base 15, what is -59 - 59?
-b3
In base 9, what is -1651 - -63?
-1577
In base 14, what is 5c - 10?
4c
In base 10, what is -20 + 47748?
47728
In base 16, what is 358 - -10?
368
In base 15, what is -93eb + 1?
-93ea
In base 3, what is -10 - -102200112212?
102200112202
In base 6, what is -4234 + -115?
-4353
In base 13, what is 206 + 2b?
234
In base 16, what is -198 + 6e8?
550
In base 4, what is 1030332 - -100?
1031032
In base 9, what is -1325 + 243?
-1072
In base 11, what is 16762 + 0?
16762
In base 13, what is -26965 - 2?
-26967
In base 9, what is 5 + -20813?
-20807
In base 9, what is -16 - -4020?
4003
In base 15, what is -c815a0 + 0?
-c815a0
In base 4, what is 3 - 1211103303?
-1211103300
In base 7, what is 142 - -4012?
4154
In base 14, what is 434 - 1677?
-1243
In base 9, what is -208 + 162?
-36
In base 14, what is -23c83b - 9?
-23c846
In base 9, what is -158755 - -1?
-158754
In base 15, what is b8 + 2?
ba
In base 5, what is 12 - -12203143?
12203210
In base 4, what is -10130 + -1030?
-11220
In base 3, what is -2210 - 11121200?
-11201110
In base 7, what is 223222 + -4?
223215
In base 2, what is -110001001110001110 + 100?
-110001001110001010
In base 4, what is -121131210 - -2?
-121131202
In base 6, what is 1202534 - -41?
1203015
In base 13, what is -a + 918a3?
91896
In base 7, what is 0 + 41622?
41622
In base 16, what is 0 + 69eb?
69eb
In base 3, what is 11222 - 102121?
-20122
In base 3, what is 1022 - 100122222?
-100121200
In base 14, what is 147 + -98?
8d
In base 5, what is -13 + 12414404?
12414341
In base 15, what is -1 + 94b5?
94b4
In base 15, what is -1 + -654e8?
-654e9
In base 16, what is -2bc + 29?
-293
In base 5, what is -2302101 - -14?
-2302032
In base 7, what is -23316 + 1?
-23315
In base 13, what is 8361 - 151?
8210
In base 9, what is 837 + 150?
1087
In base 12, what is 0 - -15724?
15724
In base 14, what is 1a038 + -4?
1a034
In base 4, what is -11313 + -213?
-12132
In base 14, what is -1 + -2916?
-2917
In base 2, what is -101001110 - -1000100000?
11010010
In base 7, what is -165636 + 6?
-165630
In base 8, what is -1 - 121012?
-121013
In base 2, what is -11101111 - 11110000001?
-100001110000
In base 11, what is 53522 - 3?
5351a
In base 6, what is 150 - 51311?
-51121
In base 8, what is 6 - -3643?
3651
In base 5, what is -1 - 30240024?
-30240030
In base 6, what is -131 + -41041?
-41212
In base 14, what is 1 - b804?
-b803
In base 5, what is 1 + -13242332?
-13242331
In base 3, what is -1011010 + 2002?
-1002001
In base 12, what is 8b - -9a4?
a73
In base 4, what is -3020100100 + 0?
-3020100100
In base 4, what is -101 + -1101003?
-1101110
In base 8, what is -1 - 100636?
-100637
In base 11, what is -175 + -392?
-557
In base 3, what is -1220120 + 1000?
-1212120
In base 9, what is -5267 + 13?
-5254
In base 14, what is -12b + 22b?
100
In base 7, what is 206355 + 35?
206423
In base 7, what is -4 - 200266?
-200303
In base 7, what is -36144 - 3?
-36150
In base 8, what is -10735 + -26?
-10763
In base 12, what is -1517 + -1?
-1518
In base 6, what is -214211 - 2?
-214213
In base 2, what is 1100111000110 - -10110100?
1101001111010
In base 6, what is 1 + -335340?
-335335
In base 5, what is 10 + -2241411?
-2241401
In base 14, what is -1c95 - -bb?
-1bb8
In base 2, what is 101000 + 1010101000?
1011010000
In base 13, what is -29 + 45b?
432
In base 7, what is 60625 + 5?
60633
In base 12, what is 1b + -449?
-42a
In base 4, what is -1002131332 - 31?
-1002132023
In base 7, what is 4 + -15235621?
-15235614
In base 11, what is -4a0 + 936?
446
In base 15, what is 4 - 140b2?
-140ad
In base 4, what is 21221 + -10012?
11203
In base 14, what is 61b875 - -5?
61b87a
In base 10, what is 180 - -7824?
8004
In base 15, what is 1236 - -b3?
12e9
In base 9, what is -83056 - 1?
-83057
In base 4, what is 1131200032 + -2?
1131200030
In base 15, what is -456a8 - 0?
-456a8
In base 4, what is -11113100113 - 10?
-11113100123
In base 8, what is 4 - 1255?
-1251
In base 3, what is -12 - -2120212?
2120200
In base 12, what is 10 - -244?
254
In base 3, what is 21110102 + 1212?
21112021
In base 12, what is -9 + 562?
555
In base 15, what is -5 + -3960?
-3965
In base 5, what is -1220442040 - 10?
-1220442100
In base 10, what is 176 - -967?
1143
In base 11, what is 3584 + -3?
3581
In base 16, what is -4 + d56d?
d569
In base 12, what is 11b - -572?
691
In base 15, what is 3 - 9364?
-9361
In base 15, what is -24362 + -3?
-24365
In base 3, what is 22121222 + -1200?
22120022
In base 7, what is 1 + -4620?
-4616
In base 11, what is -2 - 3a788?
-3a78a
In base 4, what is -300313 + -21?
-301000
In base 5, what is 3340004 + -2?
3340002
In base 4, what is 231213 + 122?
232001
In base 8, what is -22641 - 11?
-22652
In base 3, what is 101020 + -110010?
-1220
In base 15, what is -2a61 - -7?
-2a59
In base 11, what is -3 + -717?
-71a
In base 7, what is -3366 + 66?
-3300
In base 9, what is 5 - -64888?
65004
In base 5, what is 4041042 - -23?
4041120
In base 5, what is 23213 - 34?
23124
In base 16, what is -6 + 3b43?
3b3d
In base 11, what is 2890 - 73?
2818
In base 2, what is 111000 + 11110111000111?
11110111111111
In base 2, what is 11111101 + 1000011000?
1100010101
In base 13, what is 2 + -50a2?
-50a0
In base 3, what is 12 + -21221202?
-21221120
In base 3, what is 2010100 - 1?
2010